What is the greatest common divisor of g and p?
39
Suppose 15 - 9 = 2*x. Suppose -3*o - 3*i = -66, o - x*i - 2*i = 46. Calculate the highest common divisor of o and 182.
26
Let c = -612 - -615. Let n = 6 - -5. Let b(q) = q**2 - 9*q - 1. Let v be b(n). Calculate the greatest common divisor of c and v.
3
Let m be 4/14 - 146661/(-133). Let l = m + -628. Let q = l + -196. Calculate the highest common divisor of q and 31.
31
Suppose -4 = -5*v + 21. Suppose 20*g = 21*g - v. Let b be -3*(4 - (-22)/(-3)). Calculate the greatest common divisor of b and g.
5
Let n = 4679 + -3736. Calculate the greatest common factor of n and 115.
23
Let d be (-1152)/(-15) - -1 - ((-84)/(-105) - 0). Calculate the greatest common factor of d and 266.
7
Suppose -3*x - 90 = 18. Let f = 190 - 234. Let g = x - f. What is the highest common divisor of 2 and g?
2
Suppose 0 = -3*z - 49 + 123 + 73. Calculate the greatest common factor of z and 441.
49
Suppose 0*x - 2*x = 4. Let b(q) = -3*q**3 - 3*q**2 - q + 1. Let r be b(x). Let n = 110 + -95. What is the greatest common factor of r and n?
15
Let h(x) = -8*x - 129. Let u be (-270)/12*16/20. Let n be h(u). Let p = 79 - -86. What is the highest common divisor of p and n?
15
Let t(n) = 4*n**2 - 13*n - 2. Let v(z) = z**2. Suppose 7 = -9*x - 2. Let p(b) = x*t(b) + 3*v(b). Let f be p(7). Calculate the highest common factor of 11 and f.
11
Let f(v) be the first derivative of v**3/3 + 5*v**2/2 - 3*v - 22. Let c be f(-11). What is the highest common factor of 63 and c?
63
Let p = -1260 + 1399. Suppose -p - 261 = -5*u. Let r be -2 + 40 + (0 - -2). What is the greatest common divisor of u and r?
40
Suppose 2*g + 4*g = 114. Suppose 7 = -d + g. Let c(m) = m**3 + 8*m**2 + 2*m - 5. Let o be c(-5). Calculate the greatest common factor of o and d.
12
Suppose -2*n - g = -34, -276*n + 280*n + g - 72 = 0. What is the highest common factor of 5377 and n?
19
Suppose 5*o + 16 = 2*u + 2*o, -5*u + 17 = 4*o. Suppose u = -7*y - 16. Let v be y/(-1) + (10 - 12). What is the highest common divisor of v and 2?
1
Suppose 3*n = 5*g + 15 + 5, -g = -5*n + 48. Suppose -28*i = -158 - 290. Let y = 64 + i. Calculate the highest common divisor of y and n.
10
Suppose -31 = -0*a - a. Suppose -37*t - 4774 = -59*t. Calculate the highest common factor of a and t.
31
Let a(d) = d**3 + 14*d**2 - 6*d - 55. Let m be a(-13). What is the greatest common factor of 1408 and m?
64
Suppose -11*f + 53 = -2. Suppose -f*o + 1550 = 5*h, o = 3*o - h - 626. Calculate the highest common factor of 13 and o.
13
Suppose 0 = 79*v - 143813 - 225298 + 655. Calculate the greatest common divisor of v and 176.
88
Let r be 7 + -16 + 2871/203 + 2/(-14). Let h be -2 + (1 - 1) + 37. Suppose 2*a = h + 5. What is the highest common divisor of a and r?
5
Let j = -221 - -221. Suppose 0 = -2*o - 5*f + 47, -4*o + 6*f - 2*f + 164 = j. Calculate the highest common divisor of 48 and o.
12
Let a(c) = -c**3 - 35*c**2 - 180*c - 70. Let z be a(-29). What is the highest common divisor of z and 117?
13
Let l = -7393 + 7554. Calculate the highest common factor of 4117 and l.
23
Let y(o) = o**3 - 8*o**2 + 36*o - 193. Let f be y(13). What is the greatest common factor of f and 2880?
160
Let p = -669 - -869. Let o = -143 - -218. Calculate the highest common divisor of o and p.
25
Suppose 24 = t + 21*b - 20*b, -58 = -2*t + 3*b. Suppose -t*i + 12*i = -1792. Calculate the highest common divisor of i and 48.
16
Let k be 16815/57 + 4/8*-6. Calculate the greatest common divisor of 5402 and k.
146
Suppose 14*p = 10*p + m + 118, -3*p = m - 85. Calculate the highest common factor of 2291 and p.
29
Let q be (-2)/(-7 + 1) - 13/3. Let p be q/(-22) + 1668/22. Suppose -3*m + p = -221. Calculate the greatest common divisor of m and 9.
9
Let o(z) = 3*z**2 - 2*z**2 - 313*z + 31 + 300*z. Let n be o(19). Calculate the highest common factor of n and 174.
29
Let u(w) = 2*w**3 - 3*w**2 - 4. Let y be u(5). Suppose 3*a - 4*j = 25, -22*j - 35 = -a - 24*j. What is the highest common factor of a and y?
19
Suppose 0 = 10*h - 15023 + 14743. Calculate the highest common factor of h and 7112.
28
Let u(j) = 3*j**3 - 4*j**2 + 39*j - 166. Let m be u(7). What is the greatest common divisor of m and 2585?
235
Suppose -3*g - 3*k + 1725 = -0*g, -1735 = -3*g + 2*k. Suppose -27*y = -3230 - g. What is the highest common factor of 470 and y?
47
Suppose 0 = 2*d - d - 216. Suppose -142 + 437 = -5*n. Let z be -5 - (n - -1)/2. Calculate the highest common divisor of d and z.
24
Suppose 2*c + 516 = 5*t + 574, 4*c - 5*t - 76 = 0. What is the highest common factor of c and 3279?
3
Suppose 0 = -4*f + 20, 7*d = 8*d - 4*f + 18. Let b(n) = 212*n**2 + 12*n - 11. Let a be b(d). What is the greatest common divisor of 21 and a?
21
Suppose -3*x = 4*q - 157672, -197104 = -15*q + 10*q - 2*x. Calculate the highest common factor of q and 352.
352
Let p(j) = j**2 + 2. Let f be p(5). Let u(m) = m**2 + 31*m + 197. Let y be u(-24). Let l = y - f. Calculate the highest common divisor of 22 and l.
2
Suppose -308*g = -277*g - 186. What is the greatest common factor of g and 1731?
3
Suppose 3*q - 676 = 2*b, 226 - 230 = -b. What is the greatest common divisor of 1995 and q?
57
Let j be 5 - 4*4/(-16). Suppose 5*d - 4*q - 245 = 0, j*q - 147 = -3*d + 7*q. Calculate the greatest common divisor of 14 and d.
7
Suppose 732 = 3*c - 213. Suppose t + 2 = -3, 5*g + c = -5*t. Let a = -50 - g. What is the highest common factor of 64 and a?
8
Suppose 3 = -3*m - 3*k - 9, 5*k = -3*m - 18. Let t(a) = -20*a + 2. Let j be t(1). Let l = m - j. What is the highest common divisor of 187 and l?
17
Let i = 6275 - 2733. Suppose 4*l - i = -638. Calculate the highest common factor of 66 and l.
66
Suppose -2*t + 41 = t - 5*h, 2*t - 26 = 2*h. Let z be 371 + -1*(-14 - -1). Calculate the greatest common divisor of t and z.
12
Suppose 0 = -5*j + 19*j. Suppose -3*q + 4 = -4*q, 2*f - 2*q - 428 = j. What is the greatest common factor of 30 and f?
30
Let a = 16952 - 14829. What is the highest common divisor of a and 33?
11
Suppose 0 = -39*d + 75 + 2343. What is the highest common divisor of 4154 and d?
62
Let n = 38 - 3. Let g be (-6)/(-9) + 362/6 + 2. Calculate the greatest common divisor of n and g.
7
Let t be -9 - ((-4136)/33)/(2/36). What is the greatest common divisor of t and 84?
21
Let n be 2155/5*1 + 1. Suppose 0*v + 12*v = n. Suppose -3*u + 45 = -4*s, 3*u + 0*s - s = v. What is the greatest common divisor of u and 88?
11
Let v = 218 - -151. Let l = v + -50. What is the greatest common factor of 29 and l?
29
Suppose -5*h + 53 = l, -h + 87 = 4*l - 6*h. Suppose 4*r - 6*w + 102 = -w, -5*w = -r - 33. Let j = r + l. Calculate the highest common divisor of j and 35.
5
Let g = 3672 - 3052. What is the highest common factor of 372 and g?
124
Let u = -11 - -14. Suppose -u*b - b = -16. Let x(l) = l**2 + 11*l - 11. Let d be x(-12). Calculate the highest common factor of b and d.
1
Suppose -8*c = -14*c + 114. Suppose y + 3 = -3*j + 7, -32 = -3*y - 5*j. What is the highest common divisor of c and y?
19
Let i = 115 - 111. Suppose -i*z + 15 + 1 = 0. Suppose z*q - 147 = -3*q. Calculate the highest common factor of 147 and q.
21
Suppose -k - 87 = -4*p, p + p = -2*k - 154. Let d = k - -187. Let s = d - 66. Calculate the highest common factor of 21 and s.
21
Let t(v) = 11*v + 30. Let j be t(-3). Let u be 2 - 0 - (j - -18)/3. Let h be -1*21*(u - 2). Calculate the greatest common factor of 30 and h.
15
Suppose -2*x + 848 = d - 11023, -29667 = -5*x - d. What is the greatest common factor of x and 8?
4
Let i be ((-8176)/3577)/(4/(-1666)). Calculate the highest common factor of 11662 and i.
238
Let o = 523 + -417. Calculate the greatest common factor of o and 3127.
53
Let t = 6404 - 5256. What is the greatest common divisor of t and 98?
14
Let r = 36 - 34. Let w be r + 9 + -2 + -3. Let y(o) = -o**2 + 8*o + 2. Let s be y(w). What is the greatest common factor of 35 and s?
7
Let j(f) be the third derivative of -f**3 + 0*f + 1/20*f**5 - 1/12*f**4 + 21*f**2 + 0. Let p be j(-2). What is the highest common divisor of p and 15?
5
Let j be (-6)/(-264)*11*(-3308)/1. Let i = j - -980. Calculate the greatest common divisor of i and 9.
9
Let m(p) = -4*p**2 - 163*p - 508. Let d be m(-36). What is the highest common factor of 418 and d?
22
Let x(y) = 